[INFO] fetching crate wayclip 0.2.0...
[INFO] checking wayclip-0.2.0 against master#e6e4f7ed1589e03bc2f6c5931c1a72e7947e8682 for beta-170-4
[INFO] extracting crate wayclip 0.2.0 into /workspace/builds/worker-2-tc2/source
[INFO] validating manifest of crates.io crate wayclip 0.2.0 on toolchain e6e4f7ed1589e03bc2f6c5931c1a72e7947e8682
[INFO] running `Command { std: CARGO_HOME="/workspace/cargo-home" RUSTUP_HOME="/workspace/rustup-home" "/workspace/cargo-home/bin/cargo" "+e6e4f7ed1589e03bc2f6c5931c1a72e7947e8682" "metadata" "--manifest-path" "Cargo.toml" "--no-deps", kill_on_drop: false }`
[INFO] removed /workspace/builds/worker-2-tc2/source/rust-toolchain.toml
[INFO] started tweaking crates.io crate wayclip 0.2.0
[INFO] finished tweaking crates.io crate wayclip 0.2.0
[INFO] tweaked toml for crates.io crate wayclip 0.2.0 written to /workspace/builds/worker-2-tc2/source/Cargo.toml
[INFO] crate crates.io crate wayclip 0.2.0 already has a lockfile, it will not be regenerated
[INFO] running `Command { std: CARGO_HOME="/workspace/cargo-home" RUSTUP_HOME="/workspace/rustup-home" "/workspace/cargo-home/bin/cargo" "+e6e4f7ed1589e03bc2f6c5931c1a72e7947e8682" "fetch" "--manifest-path" "Cargo.toml", kill_on_drop: false }`
[INFO] running `Command { std: "docker" "create" "-v" "/var/lib/crater-agent-workspace/builds/worker-2-tc2/target:/opt/rustwide/target:rw,Z" "-v" "/var/lib/crater-agent-workspace/builds/worker-2-tc2/source:/opt/rustwide/workdir:ro,Z" "-v" "/var/lib/crater-agent-workspace/cargo-home:/opt/rustwide/cargo-home:ro,Z" "-v" "/var/lib/crater-agent-workspace/rustup-home:/opt/rustwide/rustup-home:ro,Z" "-e" "SOURCE_DIR=/opt/rustwide/workdir" "-e" "CARGO_TARGET_DIR=/opt/rustwide/target" "-e" "CARGO_HOME=/opt/rustwide/cargo-home" "-e" "RUSTUP_HOME=/opt/rustwide/rustup-home" "-w" "/opt/rustwide/workdir" "-m" "1610612736" "--user" "0:0" "--network" "none" "ghcr.io/rust-lang/crates-build-env/linux@sha256:19e73879b68f455e41552ea35293514db52ea292d993f571636dbffedb77a1ee" "/opt/rustwide/cargo-home/bin/cargo" "+e6e4f7ed1589e03bc2f6c5931c1a72e7947e8682" "metadata" "--no-deps" "--format-version=1", kill_on_drop: false }`
[INFO] [stdout] 45dd66d720d4a4d6082fa242c515750126581737ab1cd1c47d42757a793e079e
[INFO] running `Command { std: "docker" "start" "-a" "45dd66d720d4a4d6082fa242c515750126581737ab1cd1c47d42757a793e079e", kill_on_drop: false }`
[INFO] running `Command { std: "docker" "inspect" "45dd66d720d4a4d6082fa242c515750126581737ab1cd1c47d42757a793e079e", kill_on_drop: false }`
[INFO] running `Command { std: "docker" "rm" "-f" "45dd66d720d4a4d6082fa242c515750126581737ab1cd1c47d42757a793e079e", kill_on_drop: false }`
[INFO] [stdout] 45dd66d720d4a4d6082fa242c515750126581737ab1cd1c47d42757a793e079e
[INFO] running `Command { std: "docker" "create" "-v" "/var/lib/crater-agent-workspace/builds/worker-2-tc2/target:/opt/rustwide/target:rw,Z" "-v" "/var/lib/crater-agent-workspace/builds/worker-2-tc2/source:/opt/rustwide/workdir:ro,Z" "-v" "/var/lib/crater-agent-workspace/cargo-home:/opt/rustwide/cargo-home:ro,Z" "-v" "/var/lib/crater-agent-workspace/rustup-home:/opt/rustwide/rustup-home:ro,Z" "-e" "SOURCE_DIR=/opt/rustwide/workdir" "-e" "CARGO_TARGET_DIR=/opt/rustwide/target" "-e" "CARGO_INCREMENTAL=0" "-e" "RUST_BACKTRACE=full" "-e" "RUSTFLAGS=--cap-lints=forbid" "-e" "RUSTDOCFLAGS=--cap-lints=forbid" "-e" "CARGO_HOME=/opt/rustwide/cargo-home" "-e" "RUSTUP_HOME=/opt/rustwide/rustup-home" "-w" "/opt/rustwide/workdir" "-m" "1610612736" "--user" "0:0" "--network" "none" "ghcr.io/rust-lang/crates-build-env/linux@sha256:19e73879b68f455e41552ea35293514db52ea292d993f571636dbffedb77a1ee" "/opt/rustwide/cargo-home/bin/cargo" "+e6e4f7ed1589e03bc2f6c5931c1a72e7947e8682" "check" "--frozen" "--all" "--all-targets" "--message-format=json", kill_on_drop: false }`
[INFO] [stdout] f4d75fa5a0968efdaabc09207e2a4acc32f8ab52c8a2838c6f2ec3c9bfc2c5ee
[INFO] running `Command { std: "docker" "start" "-a" "f4d75fa5a0968efdaabc09207e2a4acc32f8ab52c8a2838c6f2ec3c9bfc2c5ee", kill_on_drop: false }`
[INFO] [stderr]    Compiling libc v0.2.142
[INFO] [stderr]    Compiling proc-macro2 v1.0.56
[INFO] [stderr]    Compiling typenum v1.16.0
[INFO] [stderr]    Compiling log v0.4.17
[INFO] [stderr]    Compiling io-lifetimes v1.0.10
[INFO] [stderr]     Checking cpufeatures v0.2.7
[INFO] [stderr]     Checking smallvec v1.10.0
[INFO] [stderr]    Compiling quote v1.0.27
[INFO] [stderr]    Compiling generic-array v0.14.7
[INFO] [stderr]     Checking subtle v2.4.1
[INFO] [stderr]    Compiling memoffset v0.6.5
[INFO] [stderr]    Compiling crossbeam-utils v0.8.15
[INFO] [stderr]    Compiling memchr v2.5.0
[INFO] [stderr]    Compiling xml-rs v0.8.10
[INFO] [stderr]     Checking opaque-debug v0.3.0
[INFO] [stderr]    Compiling rustix v0.37.19
[INFO] [stderr]    Compiling memoffset v0.7.1
[INFO] [stderr]     Checking downcast-rs v1.2.0
[INFO] [stderr]    Compiling glob v0.3.1
[INFO] [stderr]     Checking linux-raw-sys v0.3.7
[INFO] [stderr]     Checking zeroize v1.6.0
[INFO] [stderr]    Compiling wayland-sys v0.29.5
[INFO] [stderr]    Compiling wayland-sys v0.30.1
[INFO] [stderr]    Compiling prettyplease v0.2.4
[INFO] [stderr]    Compiling proc-macro-hack v0.5.20+deprecated
[INFO] [stderr]    Compiling futures-core v0.3.28
[INFO] [stderr]    Compiling serde_derive v1.0.162
[INFO] [stderr]    Compiling rle-decode-fast v1.0.3
[INFO] [stderr]    Compiling wayland-backend v0.1.2
[INFO] [stderr]    Compiling libflate_lz77 v1.2.0
[INFO] [stderr]    Compiling crc32fast v1.3.2
[INFO] [stderr]    Compiling clang-sys v1.6.1
[INFO] [stderr]    Compiling indexmap v1.9.3
[INFO] [stderr]    Compiling serde v1.0.162
[INFO] [stderr]    Compiling adler32 v1.2.0
[INFO] [stderr]     Checking static_assertions v1.1.0
[INFO] [stderr]    Compiling minimal-lexical v0.2.1
[INFO] [stderr]    Compiling libflate v1.3.0
[INFO] [stderr]    Compiling syn v2.0.15
[INFO] [stderr]    Compiling wayland-scanner v0.29.5
[INFO] [stderr]    Compiling syn v1.0.109
[INFO] [stderr]    Compiling quick-xml v0.23.1
[INFO] [stderr]    Compiling nom v7.1.3
[INFO] [stderr]     Checking tracing-core v0.1.30
[INFO] [stderr]    Compiling libloading v0.7.4
[INFO] [stderr]    Compiling lock_api v0.4.9
[INFO] [stderr]     Checking scoped-tls v1.0.1
[INFO] [stderr]    Compiling regex-syntax v0.7.1
[INFO] [stderr]    Compiling either v1.8.1
[INFO] [stderr]     Checking event-listener v2.5.3
[INFO] [stderr]     Checking utf8parse v0.2.1
[INFO] [stderr]    Compiling same-file v1.0.6
[INFO] [stderr]    Compiling radium v0.7.0
[INFO] [stderr]    Compiling bindgen v0.65.1
[INFO] [stderr]    Compiling which v4.4.0
[INFO] [stderr]     Checking getrandom v0.2.9
[INFO] [stderr]     Checking nix v0.24.3
[INFO] [stderr]     Checking nix v0.26.2
[INFO] [stderr]    Compiling wayland-scanner v0.30.0
[INFO] [stderr]     Checking rand_core v0.6.4
[INFO] [stderr]    Compiling walkdir v2.3.3
[INFO] [stderr]     Checking anstyle-parse v0.2.0
[INFO] [stderr]     Checking inout v0.1.3
[INFO] [stderr]     Checking digest v0.9.0
[INFO] [stderr]     Checking block-buffer v0.10.4
[INFO] [stderr]     Checking crypto-mac v0.11.1
[INFO] [stderr]     Checking crypto-common v0.1.6
[INFO] [stderr]     Checking block-buffer v0.9.0
[INFO] [stderr]     Checking cipher v0.4.4
[INFO] [stderr]     Checking universal-hash v0.5.0
[INFO] [stderr]     Checking digest v0.10.6
[INFO] [stderr]     Checking aead v0.5.2
[INFO] [stderr]     Checking polyval v0.6.0
[INFO] [stderr]    Compiling sha2 v0.10.6
[INFO] [stderr]     Checking concurrent-queue v2.2.0
[INFO] [stderr]    Compiling uncased v0.9.9
[INFO] [stderr]     Checking anstyle v1.0.0
[INFO] [stderr]    Compiling wayland-client v0.29.5
[INFO] [stderr]    Compiling wayland-protocols v0.29.5
[INFO] [stderr]     Checking fixedbitset v0.4.2
[INFO] [stderr]     Checking tap v1.0.1
[INFO] [stderr]    Compiling rustc-hash v1.1.0
[INFO] [stderr]    Compiling lazy_static v1.4.0
[INFO] [stderr]     Checking colorchoice v1.0.0
[INFO] [stderr]     Checking waker-fn v1.1.0
[INFO] [stderr]    Compiling lazycell v1.3.0
[INFO] [stderr]    Compiling peeking_take_while v0.1.2
[INFO] [stderr]     Checking overload v0.1.1
[INFO] [stderr]     Checking anstyle-query v1.0.0
[INFO] [stderr]    Compiling shlex v1.1.0
[INFO] [stderr]     Checking futures-io v0.3.28
[INFO] [stderr]    Compiling paste v1.0.12
[INFO] [stderr]     Checking ppv-lite86 v0.2.17
[INFO] [stderr]     Checking parking v2.1.0
[INFO] [stderr]    Compiling bitflags v1.3.2
[INFO] [stderr]     Checking futures-lite v1.13.0
[INFO] [stderr]     Checking nu-ansi-term v0.46.0
[INFO] [stderr]    Compiling cexpr v0.6.0
[INFO] [stderr]     Checking rand_chacha v0.3.1
[INFO] [stderr]     Checking wyz v0.5.1
[INFO] [stderr]     Checking petgraph v0.6.3
[INFO] [stderr]    Compiling rust-embed-utils v7.5.0
[INFO] [stderr]    Compiling regex v1.8.1
[INFO] [stderr]     Checking async-channel v1.8.0
[INFO] [stderr]     Checking is-terminal v0.4.7
[INFO] [stderr]    Compiling interprocess v1.2.1
[INFO] [stderr]     Checking ghash v0.5.0
[INFO] [stderr]     Checking anstream v0.3.2
[INFO] [stderr]     Checking chacha20 v0.9.1
[INFO] [stderr]     Checking ctr v0.9.2
[INFO] [stderr]     Checking aes v0.8.2
[INFO] [stderr]     Checking poly1305 v0.8.0
[INFO] [stderr]     Checking sha2 v0.9.9
[INFO] [stderr]     Checking wayland-client v0.30.1
[INFO] [stderr]     Checking hmac v0.11.0
[INFO] [stderr]     Checking tracing-log v0.1.3
[INFO] [stderr]     Checking async-lock v2.7.0
[INFO] [stderr]     Checking sharded-slab v0.1.4
[INFO] [stderr]    Compiling figment v0.10.8
[INFO] [stderr]     Checking thread_local v1.1.7
[INFO] [stderr]     Checking bytecount v0.6.3
[INFO] [stderr]     Checking async-task v4.4.0
[INFO] [stderr]     Checking funty v2.0.0
[INFO] [stderr]     Checking time-core v0.1.0
[INFO] [stderr]     Checking uuid v1.3.2
[INFO] [stderr]     Checking unicode-ident v1.0.8
[INFO] [stderr]     Checking atomic-waker v1.1.1
[INFO] [stderr]    Compiling heck v0.4.1
[INFO] [stderr]     Checking option-ext v0.2.0
[INFO] [stderr]     Checking clap_lex v0.4.1
[INFO] [stderr]     Checking cfb v0.7.3
[INFO] [stderr]     Checking dirs-sys v0.4.1
[INFO] [stderr]     Checking clap_builder v4.2.7
[INFO] [stderr]     Checking blocking v1.3.1
[INFO] [stderr]     Checking tracing-subscriber v0.3.17
[INFO] [stderr]     Checking time v0.3.20
[INFO] [stderr]     Checking aes-gcm v0.10.1
[INFO] [stderr]     Checking bitvec v1.0.1
[INFO] [stderr]     Checking pbkdf2 v0.9.0
[INFO] [stderr]     Checking chacha20poly1305 v0.10.1
[INFO] [stderr]     Checking wayland-commons v0.29.5
[INFO] [stderr]     Checking tempfile v3.5.0
[INFO] [stderr]     Checking spinning v0.1.0
[INFO] [stderr]     Checking tree_magic_mini v3.0.3
[INFO] [stderr]     Checking wayland-protocols v0.30.0
[INFO] [stderr]     Checking rand v0.8.5
[INFO] [stderr]     Checking os_pipe v1.1.4
[INFO] [stderr]     Checking nix v0.23.2
[INFO] [stderr]     Checking crossbeam-channel v0.5.8
[INFO] [stderr]     Checking intmap v0.7.1
[INFO] [stderr]     Checking to_method v1.1.0
[INFO] [stderr]     Checking infer v0.13.0
[INFO] [stderr]     Checking cocoon v0.3.2
[INFO] [stderr]     Checking dirs v5.0.1
[INFO] [stderr]     Checking tracing-appender v0.2.2
[INFO] [stderr]     Checking machine-uid v0.3.0
[INFO] [stderr]    Compiling include-flate-codegen v0.1.4
[INFO] [stderr]    Compiling rust-embed-impl v6.5.0
[INFO] [stderr]    Compiling derive-new v0.5.9
[INFO] [stderr]    Compiling thiserror-impl v1.0.40
[INFO] [stderr]    Compiling tracing-attributes v0.1.24
[INFO] [stderr]    Compiling clap_derive v4.2.0
[INFO] [stderr]     Checking include-flate-codegen-exports v0.1.4
[INFO] [stderr]     Checking include-flate v0.1.4
[INFO] [stderr]     Checking rust-embed v6.6.1
[INFO] [stderr]     Checking wayland-protocols-wlr v0.1.0
[INFO] [stderr]     Checking thiserror v1.0.40
[INFO] [stderr]     Checking tracing v0.1.37
[INFO] [stderr]     Checking evdev v0.12.1
[INFO] [stderr]     Checking clap v4.2.7
[INFO] [stderr]    Compiling wayclip v0.2.0 (/opt/rustwide/workdir)
[INFO] [stderr]     Checking wl-clipboard-rs v0.7.0
[INFO] [stderr] error: failed to run custom build command for `wayclip v0.2.0 (/opt/rustwide/workdir)`
[INFO] [stderr] note: To improve backtraces for build dependencies, set the CARGO_PROFILE_DEV_BUILD_OVERRIDE_DEBUG=true environment variable to enable debug information generation.
[INFO] [stderr] 
[INFO] [stderr] Caused by:
[INFO] [stderr]   process didn't exit successfully: `/opt/rustwide/target/debug/build/wayclip-4d45b2b93408c63e/build-script-build` (exit status: 101)
[INFO] [stderr]   --- stdout
[INFO] [stderr]   cargo:rustc-link-search=/usr/lib
[INFO] [stderr]   cargo:rustc-link-lib=bemenu
[INFO] [stderr]   cargo:rerun-if-changed=bindings/bemenu.h
[INFO] [stderr]   cargo:rerun-if-env-changed=TARGET
[INFO] [stderr]   cargo:rerun-if-env-changed=BINDGEN_EXTRA_CLANG_ARGS_x86_64-unknown-linux-gnu
[INFO] [stderr]   cargo:rerun-if-env-changed=BINDGEN_EXTRA_CLANG_ARGS_x86_64_unknown_linux_gnu
[INFO] [stderr]   cargo:rerun-if-env-changed=BINDGEN_EXTRA_CLANG_ARGS
[INFO] [stderr] 
[INFO] [stderr]   --- stderr
[INFO] [stderr]   bindings/bemenu.h:1:10: error: 'bemenu.h' file not found with <angled> include; use "quotes" instead
[INFO] [stderr]   bindings/bemenu.h:1:10: error: 'bemenu.h' file not found with <angled> include; use "quotes" instead
[INFO] [stderr]   bindings/bemenu.h:1:10: error: 'bemenu.h' file not found with <angled> include; use "quotes" instead
[INFO] [stderr]   bindings/bemenu.h:1:10: error: 'bemenu.h' file not found with <angled> include; use "quotes" instead
[INFO] [stderr]   bindings/bemenu.h:1:10: error: 'bemenu.h' file not found with <angled> include; use "quotes" instead
[INFO] [stderr]   bindings/bemenu.h:1:10: error: 'bemenu.h' file not found with <angled> include; use "quotes" instead
[INFO] [stderr]   bindings/bemenu.h:1:10: error: 'bemenu.h' file not found with <angled> include; use "quotes" instead
[INFO] [stderr]   bindings/bemenu.h:1:10: error: 'bemenu.h' file not found with <angled> include; use "quotes" instead
[INFO] [stderr]   bindings/bemenu.h:1:10: error: 'bemenu.h' file not found with <angled> include; use "quotes" instead
[INFO] [stderr]   bindings/bemenu.h:1:10: error: 'bemenu.h' file not found with <angled> include; use "quotes" instead
[INFO] [stderr]   bindings/bemenu.h:1:10: error: 'bemenu.h' file not found with <angled> include; use "quotes" instead
[INFO] [stderr]   bindings/bemenu.h:1:10: error: 'bemenu.h' file not found with <angled> include; use "quotes" instead
[INFO] [stderr]   bindings/bemenu.h:1:10: error: 'bemenu.h' file not found with <angled> include; use "quotes" instead
[INFO] [stderr]   bindings/bemenu.h:1:10: error: 'bemenu.h' file not found with <angled> include; use "quotes" instead
[INFO] [stderr]   bindings/bemenu.h:1:10: error: 'bemenu.h' file not found with <angled> include; use "quotes" instead
[INFO] [stderr]   bindings/bemenu.h:1:10: error: 'bemenu.h' file not found with <angled> include; use "quotes" instead
[INFO] [stderr]   bindings/bemenu.h:1:10: error: 'bemenu.h' file not found with <angled> include; use "quotes" instead
[INFO] [stderr]   bindings/bemenu.h:1:10: error: 'bemenu.h' file not found with <angled> include; use "quotes" instead
[INFO] [stderr]   bindings/bemenu.h:1:10: error: 'bemenu.h' file not found with <angled> include; use "quotes" instead
[INFO] [stderr]   fatal error: too many errors emitted, stopping now [-ferror-limit=]
[INFO] [stderr]   thread 'main' panicked at 'Unable to generate bindings: ClangDiagnostic("bindings/bemenu.h:1:10: error: 'bemenu.h' file not found with <angled> include; use \"quotes\" instead\nbindings/bemenu.h:1:10: error: 'bemenu.h' file not found with <angled> include; use \"quotes\" instead\nbindings/bemenu.h:1:10: error: 'bemenu.h' file not found with <angled> include; use \"quotes\" instead\nbindings/bemenu.h:1:10: error: 'bemenu.h' file not found with <angled> include; use \"quotes\" instead\nbindings/bemenu.h:1:10: error: 'bemenu.h' file not found with <angled> include; use \"quotes\" instead\nbindings/bemenu.h:1:10: error: 'bemenu.h' file not found with <angled> include; use \"quotes\" instead\nbindings/bemenu.h:1:10: error: 'bemenu.h' file not found with <angled> include; use \"quotes\" instead\nbindings/bemenu.h:1:10: error: 'bemenu.h' file not found with <angled> include; use \"quotes\" instead\nbindings/bemenu.h:1:10: error: 'bemenu.h' file not found with <angled> include; use \"quotes\" instead\nbindings/bemenu.h:1:10: error: 'bemenu.h' file not found with <angled> include; use \"quotes\" instead\nbindings/bemenu.h:1:10: error: 'bemenu.h' file not found with <angled> include; use \"quotes\" instead\nbindings/bemenu.h:1:10: error: 'bemenu.h' file not found with <angled> include; use \"quotes\" instead\nbindings/bemenu.h:1:10: error: 'bemenu.h' file not found with <angled> include; use \"quotes\" instead\nbindings/bemenu.h:1:10: error: 'bemenu.h' file not found with <angled> include; use \"quotes\" instead\nbindings/bemenu.h:1:10: error: 'bemenu.h' file not found with <angled> include; use \"quotes\" instead\nbindings/bemenu.h:1:10: error: 'bemenu.h' file not found with <angled> include; use \"quotes\" instead\nbindings/bemenu.h:1:10: error: 'bemenu.h' file not found with <angled> include; use \"quotes\" instead\nbindings/bemenu.h:1:10: error: 'bemenu.h' file not found with <angled> include; use \"quotes\" instead\nbindings/bemenu.h:1:10: error: 'bemenu.h' file not found with <angled> include; use \"quotes\" instead\nfatal error: too many errors emitted, stopping now [-ferror-limit=]\n")', build.rs:18:6
[INFO] [stderr]   stack backtrace:
[INFO] [stderr]      0:     0x55b810228b31 - std::backtrace_rs::backtrace::libunwind::trace::ha9d9de1bf4176bfa
[INFO] [stderr]                                  at /rustc/e6e4f7ed1589e03bc2f6c5931c1a72e7947e8682/library/std/src/../../backtrace/src/backtrace/libunwind.rs:93:5
[INFO] [stderr]      1:     0x55b810228b31 - std::backtrace_rs::backtrace::trace_unsynchronized::h165c36ef694ada1c
[INFO] [stderr]                                  at /rustc/e6e4f7ed1589e03bc2f6c5931c1a72e7947e8682/library/std/src/../../backtrace/src/backtrace/mod.rs:66:5
[INFO] [stderr]      2:     0x55b810228b31 - std::sys_common::backtrace::_print_fmt::h4d89c7ce1e89b43d
[INFO] [stderr]                                  at /rustc/e6e4f7ed1589e03bc2f6c5931c1a72e7947e8682/library/std/src/sys_common/backtrace.rs:65:5
[INFO] [stderr]      3:     0x55b810228b31 - <std::sys_common::backtrace::_print::DisplayBacktrace as core::fmt::Display>::fmt::hfc68e8a2f3b7b37c
[INFO] [stderr]                                  at /rustc/e6e4f7ed1589e03bc2f6c5931c1a72e7947e8682/library/std/src/sys_common/backtrace.rs:44:22
[INFO] [stderr]      4:     0x55b81024f3bf - core::fmt::rt::Argument::fmt::hc7dd5538f3de21b7
[INFO] [stderr]                                  at /rustc/e6e4f7ed1589e03bc2f6c5931c1a72e7947e8682/library/core/src/fmt/rt.rs:138:9
[INFO] [stderr]      5:     0x55b81024f3bf - core::fmt::write::hac9705ca9b43c249
[INFO] [stderr]                                  at /rustc/e6e4f7ed1589e03bc2f6c5931c1a72e7947e8682/library/core/src/fmt/mod.rs:1094:21
[INFO] [stderr]      6:     0x55b810225ca1 - std::io::Write::write_fmt::h7bc9466b47d6774b
[INFO] [stderr]                                  at /rustc/e6e4f7ed1589e03bc2f6c5931c1a72e7947e8682/library/std/src/io/mod.rs:1713:15
[INFO] [stderr]      7:     0x55b810228945 - std::sys_common::backtrace::_print::h03072469d8150f3e
[INFO] [stderr]                                  at /rustc/e6e4f7ed1589e03bc2f6c5931c1a72e7947e8682/library/std/src/sys_common/backtrace.rs:47:5
[INFO] [stderr]      8:     0x55b810228945 - std::sys_common::backtrace::print::hd0f67791f02b87ae
[INFO] [stderr]                                  at /rustc/e6e4f7ed1589e03bc2f6c5931c1a72e7947e8682/library/std/src/sys_common/backtrace.rs:34:9
[INFO] [stderr]      9:     0x55b810229de7 - std::panicking::default_hook::{{closure}}::h7c8ccb2c703d1528
[INFO] [stderr]     10:     0x55b810229bd4 - std::panicking::default_hook::h770c31d58b53801e
[INFO] [stderr]                                  at /rustc/e6e4f7ed1589e03bc2f6c5931c1a72e7947e8682/library/std/src/panicking.rs:288:9
[INFO] [stderr]     11:     0x55b81022a29c - std::panicking::rust_panic_with_hook::hb50e58c42f5187f2
[INFO] [stderr]                                  at /rustc/e6e4f7ed1589e03bc2f6c5931c1a72e7947e8682/library/std/src/panicking.rs:705:13
[INFO] [stderr]     12:     0x55b81022a197 - std::panicking::begin_panic_handler::{{closure}}::h4d6093b91efbd52e
[INFO] [stderr]                                  at /rustc/e6e4f7ed1589e03bc2f6c5931c1a72e7947e8682/library/std/src/panicking.rs:597:13
[INFO] [stderr]     13:     0x55b810228f66 - std::sys_common::backtrace::__rust_end_short_backtrace::h318963d1ef4510cb
[INFO] [stderr]                                  at /rustc/e6e4f7ed1589e03bc2f6c5931c1a72e7947e8682/library/std/src/sys_common/backtrace.rs:151:18
[INFO] [stderr]     14:     0x55b810229ee2 - rust_begin_unwind
[INFO] [stderr]                                  at /rustc/e6e4f7ed1589e03bc2f6c5931c1a72e7947e8682/library/std/src/panicking.rs:593:5
[INFO] [stderr]     15:     0x55b80fd2e3e3 - core::panicking::panic_fmt::h6ce9f4b93775846b
[INFO] [stderr]                                  at /rustc/e6e4f7ed1589e03bc2f6c5931c1a72e7947e8682/library/core/src/panicking.rs:67:14
[INFO] [stderr]     16:     0x55b80fd2e973 - core::result::unwrap_failed::h45c53cbae19f42f6
[INFO] [stderr]                                  at /rustc/e6e4f7ed1589e03bc2f6c5931c1a72e7947e8682/library/core/src/result.rs:1651:5
[INFO] [stderr]     17:     0x55b80fd30a62 - core::result::Result<T,E>::expect::h2b8e02a777b1e960
[INFO] [stderr]     18:     0x55b80fd2fd6f - build_script_build::main::h5cecd5082814ac66
[INFO] [stderr]     19:     0x55b80fd2f133 - core::ops::function::FnOnce::call_once::ha26b2db098c9e1af
[INFO] [stderr]     20:     0x55b80fd2fb66 - std::sys_common::backtrace::__rust_begin_short_backtrace::ha31ecda48352cd1c
[INFO] [stderr]     21:     0x55b80fd30ba9 - std::rt::lang_start::{{closure}}::hbde7f560866a5c24
[INFO] [stderr]     22:     0x55b8102215b5 - core::ops::function::impls::<impl core::ops::function::FnOnce<A> for &F>::call_once::hb332f02ff9fc81e2
[INFO] [stderr]                                  at /rustc/e6e4f7ed1589e03bc2f6c5931c1a72e7947e8682/library/core/src/ops/function.rs:284:13
[INFO] [stderr]     23:     0x55b8102215b5 - std::panicking::try::do_call::hed879afea606d968
[INFO] [stderr]                                  at /rustc/e6e4f7ed1589e03bc2f6c5931c1a72e7947e8682/library/std/src/panicking.rs:500:40
[INFO] [stderr]     24:     0x55b8102215b5 - std::panicking::try::h395a878f3e4bd2f0
[INFO] [stderr]                                  at /rustc/e6e4f7ed1589e03bc2f6c5931c1a72e7947e8682/library/std/src/panicking.rs:464:19
[INFO] [stderr]     25:     0x55b8102215b5 - std::panic::catch_unwind::hb44b6ea043448d57
[INFO] [stderr]                                  at /rustc/e6e4f7ed1589e03bc2f6c5931c1a72e7947e8682/library/std/src/panic.rs:142:14
[INFO] [stderr]     26:     0x55b8102215b5 - std::rt::lang_start_internal::{{closure}}::h6184ba9e5b3e5fbf
[INFO] [stderr]                                  at /rustc/e6e4f7ed1589e03bc2f6c5931c1a72e7947e8682/library/std/src/rt.rs:148:48
[INFO] [stderr]     27:     0x55b8102215b5 - std::panicking::try::do_call::h8b2c97d4d3608274
[INFO] [stderr]                                  at /rustc/e6e4f7ed1589e03bc2f6c5931c1a72e7947e8682/library/std/src/panicking.rs:500:40
[INFO] [stderr]     28:     0x55b8102215b5 - std::panicking::try::hfa4cc536e097f1fe
[INFO] [stderr]                                  at /rustc/e6e4f7ed1589e03bc2f6c5931c1a72e7947e8682/library/std/src/panicking.rs:464:19
[INFO] [stderr]     29:     0x55b8102215b5 - std::panic::catch_unwind::ha3e2192625bb4844
[INFO] [stderr]                                  at /rustc/e6e4f7ed1589e03bc2f6c5931c1a72e7947e8682/library/std/src/panic.rs:142:14
[INFO] [stderr]     30:     0x55b8102215b5 - std::rt::lang_start_internal::hbd6687884d030770
[INFO] [stderr]                                  at /rustc/e6e4f7ed1589e03bc2f6c5931c1a72e7947e8682/library/std/src/rt.rs:148:20
[INFO] [stderr]     31:     0x55b80fd30b87 - std::rt::lang_start::h81364a554b962583
[INFO] [stderr]     32:     0x55b80fd30025 - main
[INFO] [stderr]     33:     0x7fc269db8d90 - <unknown>
[INFO] [stderr]     34:     0x7fc269db8e40 - __libc_start_main
[INFO] [stderr]     35:     0x55b80fd2ec75 - _start
[INFO] [stderr]     36:                0x0 - <unknown>
[INFO] [stderr] warning: build failed, waiting for other jobs to finish...
[INFO] running `Command { std: "docker" "inspect" "f4d75fa5a0968efdaabc09207e2a4acc32f8ab52c8a2838c6f2ec3c9bfc2c5ee", kill_on_drop: false }`
[INFO] running `Command { std: "docker" "rm" "-f" "f4d75fa5a0968efdaabc09207e2a4acc32f8ab52c8a2838c6f2ec3c9bfc2c5ee", kill_on_drop: false }`
[INFO] [stdout] f4d75fa5a0968efdaabc09207e2a4acc32f8ab52c8a2838c6f2ec3c9bfc2c5ee
